{"id":132,"date":"2023-11-04T11:06:34","date_gmt":"2023-11-04T10:06:34","guid":{"rendered":"https:\/\/labullenomade.ch\/?page_id=132"},"modified":"2023-11-04T11:06:34","modified_gmt":"2023-11-04T10:06:34","slug":"dautres-outils-le-magnetisme-et-le-traitement-des-allergies-tlb","status":"publish","type":"page","link":"https:\/\/labullenomade.ch\/index.php\/dautres-outils-le-magnetisme-et-le-traitement-des-allergies-tlb\/","title":{"rendered":"D\u2019autres outils : le magn\u00e9tisme et le traitement des allergies (TLB)"},"content":{"rendered":"\n<h4 class=\"wp-block-heading\"><strong><u>Soins \u00e9nerg\u00e9tiques (ou Magn\u00e9tisme)<\/u><\/strong><\/h4>\n\n\n\n<p>Le magn\u00e9tisme est efficace sur des douleurs ou tensions ponctuelles (entorse, br\u00fblure , coups\u2026.) comme sur des pathologies plus anciennes ou chroniques (migraines, insomnies, probl\u00e8mes de peau, probl\u00e8me hormonal \u2026.).<\/p>\n\n\n\n<p>Le magn\u00e9tisme agit aussi sur l\u2019\u00e9motionnel et aide ainsi \u00e0 surmonter les angoisses,&nbsp; peurs, petits tracas du quotidien ou blocages (surtout chez les b\u00e9b\u00e9s et enfants).<\/p>\n\n\n\n<p>Je travaille \u00e0 l\u2019intuition, je laisse l\u2019\u00e9nergie cheminer dans votre corps et aller se d\u00e9poser jusqu\u2019aux zones qui en ont besoin (m\u00eame si ce n\u2019est pas celles qui font mal).<\/p>\n\n\n\n<p><em>Le soin se pratique habill\u00e9, allong\u00e9 ou assis sur la table de massage (pour les adultes). Je travaille par imposition des mains (environ 2 cms au dessus du corps) ou en appui l\u00e9ger sur certaines zones en fonction de mon ressenti.<\/em><\/p>\n\n\n\n<p>Je peux utiliser le magn\u00e9tisme \u00e0 la demande de la personne, ou combin\u00e9 \u00e0 un massage \u00e0 l\u2019huile.<\/p>\n\n\n\n<h4 class=\"wp-block-heading\"><strong><u>Technique de lib\u00e9ration des blocages&nbsp; :<\/u><\/strong><\/h4>\n\n\n\n<p>On peut d\u00e9velopper un blocage \u00e0 tout ce qui existe : un aliment, une plante, un m\u00e9dicament, un tissu, des substances inhal\u00e9es (pollen, poussi\u00e8re, poils d\u2019animaux, odeurs), une couleur, un constituant de notre corps (maladies auto-immunes), etc\u2026<\/p>\n\n\n\n<p>Un blocage peut se d\u00e9clarer \u00e0 n\u2019importe quel \u00e2ge et \u00e0 tout moment.<\/p>\n\n\n\n<p>Il peut se manifester par :<\/p>\n\n\n\n<ul class=\"wp-block-list\">\n<li>Des sympt\u00f4mes physiques d\u2019une allergie classique : ecz\u00e9ma, urticaire, rhinite allergique ou asthme.<\/li>\n\n\n\n<li>Des troubles digestifs, des douleurs abdominales ou articulaires, des maux de t\u00eate.<\/li>\n\n\n\n<li>Des syndromes : fatigue chronique, spasmophilie\u2026.<\/li>\n\n\n\n<li>Des sympt\u00f4mes psychiques : irritabilit\u00e9, anxi\u00e9t\u00e9, d\u00e9prime\u2026<\/li>\n\n\n\n<li>Une addiction<\/li>\n<\/ul>\n\n\n\n<p><em>Le traitement consiste \u00e0 presser trois s\u00e9ries simplifi\u00e9es de points d\u2019accupressure dans le dos (\u00e0 travers un v\u00eatement fin ou directement sur la peau) qui suivent les m\u00e9ridiens d\u2019acupuncture, en m\u00eame temps que la personne est connect\u00e9e \u00e0 l\u2019information perturbatrice.<\/em><\/p>\n\n\n\n<p>Cela fait vivre une bonne circulation \u00e9nerg\u00e9tique \u00e0 l\u2019organisme. On repr\u00e9sente ainsi de mani\u00e8re favorable une information qui avait \u00e9t\u00e9 associ\u00e9e \u00e0 une situation perturbatrice. On doit ensuite \u00e9viter l\u2019allerg\u00e8ne trait\u00e9 pendant environ 24 heures.<\/p>\n\n\n\n<figure class=\"wp-block-image size-full\"><img fetchpriority=\"high\" decoding=\"async\" width=\"250\" height=\"300\" src=\"https:\/\/labullenomade.ch\/wp-content\/uploads\/2023\/11\/meridiens.jpg\" alt=\"\" class=\"wp-image-133\"\/><\/figure>\n","protected":false},"excerpt":{"rendered":"<p>Soins \u00e9nerg\u00e9tiques (ou Magn\u00e9tisme) Le magn\u00e9tisme est efficace sur des douleurs ou tensions ponctuelles (entorse, br\u00fblure , coups\u2026.) comme sur des pathologies plus anciennes ou chroniques (migraines, insomnies, probl\u00e8mes de peau, probl\u00e8me hormonal \u2026.). Le magn\u00e9tisme agit aussi sur l\u2019\u00e9motionnel et aide ainsi \u00e0 surmonter les angoisses,&nbsp; peurs, petits tracas du quotidien ou blocages (surtout&#8230;<\/p>\n","protected":false},"author":1,"featured_media":0,"parent":0,"menu_order":0,"comment_status":"closed","ping_status":"closed","template":"","meta":{"_kad_post_transparent":"","_kad_post_title":"","_kad_post_layout":"","_kad_post_sidebar_id":"","_kad_post_content_style":"","_kad_post_vertical_padding":"","_kad_post_feature":"","_kad_post_feature_position":"","_kad_post_header":false,"_kad_post_footer":false,"footnotes":""},"class_list":["post-132","page","type-page","status-publish","hentry"],"_links":{"self":[{"href":"https:\/\/labullenomade.ch\/index.php\/wp-json\/wp\/v2\/pages\/132","targetHints":{"allow":["GET"]}}],"collection":[{"href":"https:\/\/labullenomade.ch\/index.php\/wp-json\/wp\/v2\/pages"}],"about":[{"href":"https:\/\/labullenomade.ch\/index.php\/wp-json\/wp\/v2\/types\/page"}],"author":[{"embeddable":true,"href":"https:\/\/labullenomade.ch\/index.php\/wp-json\/wp\/v2\/users\/1"}],"replies":[{"embeddable":true,"href":"https:\/\/labullenomade.ch\/index.php\/wp-json\/wp\/v2\/comments?post=132"}],"version-history":[{"count":2,"href":"https:\/\/labullenomade.ch\/index.php\/wp-json\/wp\/v2\/pages\/132\/revisions"}],"predecessor-version":[{"id":169,"href":"https:\/\/labullenomade.ch\/index.php\/wp-json\/wp\/v2\/pages\/132\/revisions\/169"}],"wp:attachment":[{"href":"https:\/\/labullenomade.ch\/index.php\/wp-json\/wp\/v2\/media?parent=132"}],"curies":[{"name":"wp","href":"https:\/\/api.w.org\/{rel}","templated":true}]}}