{"id":46,"date":"2023-10-21T15:09:22","date_gmt":"2023-10-21T13:09:22","guid":{"rendered":"https:\/\/labullenomade.ch\/?page_id=46"},"modified":"2025-05-27T18:27:38","modified_gmt":"2025-05-27T16:27:38","slug":"a-propos","status":"publish","type":"page","link":"https:\/\/labullenomade.ch\/index.php\/a-propos\/","title":{"rendered":"A propos"},"content":{"rendered":"\n<p><strong><u>Un petit mot pour me pr\u00e9senter\u2026.<\/u><\/strong><\/p>\n\n\n<div class=\"wp-block-image\">\n<figure class=\"alignright size-full is-resized\"><img fetchpriority=\"high\" decoding=\"async\" width=\"656\" height=\"823\" src=\"http:\/\/labullenomade.ch\/wp-content\/uploads\/2023\/10\/photo-florence.jpeg\" alt=\"\" class=\"wp-image-49\" style=\"aspect-ratio:0.7970838396111786;width:280px;height:auto\" srcset=\"https:\/\/labullenomade.ch\/wp-content\/uploads\/2023\/10\/photo-florence.jpeg 656w, https:\/\/labullenomade.ch\/wp-content\/uploads\/2023\/10\/photo-florence-239x300.jpeg 239w\" sizes=\"(max-width: 656px) 100vw, 656px\" \/><\/figure>\n<\/div>\n\n\n<p>Je m\u2019appelle Florence, j\u2019habite \u00e0 Courtelary dans le Jura Bernois et suis maman de 3 gar\u00e7ons. Je pratique le magn\u00e9tisme depuis\u00a0une dizaine d&rsquo;ann\u00e9es, qui s\u2019est \u00ab\u00a0r\u00e9v\u00e9l\u00e9\u00a0\u00bb avec l\u2019arriv\u00e9e de mon dernier enfant.<\/p>\n\n\n\n<p>En 2018, j\u2019ai suivi une formation en Anatomie Pathologie Physiologie au Centre Cesane \u00e0 Peyres Possens et je suis \u00e9galement dipl\u00f4m\u00e9e depuis 2017 \u00ab&nbsp;Th\u00e9rapeute en bols chantants plan\u00e9taires&nbsp;\u00bb (Sono Th\u00e9rapie) de l\u2019\u00e9cole Cristal\u2019line \u00e0 Echallens. <\/p>\n\n\n\n<p><strong><u>Mon approche th\u00e9rapeutique&nbsp;:<\/u><\/strong><\/p>\n\n\n\n<p>Chaque soin que je pratique est unique tout comme la personne qui le re\u00e7oit. C\u2019est pour cela que nous d\u00e9cidons ensemble, apr\u00e8s discussion et selon les ressentis de chacun, le soin que vous souhaitez ainsi que les techniques qui seront les plus \u00e0 m\u00eame de vous soulager.<\/p>\n\n\n\n<blockquote class=\"wp-block-quote is-layout-flow wp-block-quote-is-layout-flow\">\n<p><em><strong>\u00ab&nbsp;Un gu\u00e9risseur ce n\u2019est pas quelqu\u2019un chez qui on va pour se soigner. Un gu\u00e9risseur est une personne qui r\u00e9veille en Toi ta propre conscience pour te soigner toi-m\u00eame&nbsp;\u00bb.<\/strong><\/em><\/p>\n<\/blockquote>\n\n\n\n<p><strong>Le corps, l\u2019esprit et l\u2019\u00e2me doivent \u00eatre en harmonie, en \u00e9quilibre<\/strong>. Je consid\u00e8re la personne dans sa globalit\u00e9 et l\u2019accueille avec bienveillance et respect du chemin de vie qu\u2019elle a parcouru jusqu\u2019ici.<\/p>\n\n\n\n<p>Les bols chantants et le magn\u00e9tisme sont pour moi de merveilleux \u00ab&nbsp;outils&nbsp;\u00bb qui vont&nbsp;<strong>parler au corps et \u00e0 l\u2019\u00e2me, et aider \u00e0 retrouver l\u2019\u00e9quilibre personnel de chacun<\/strong>.<\/p>\n\n\n\n<p>Nous ne sommes pas malades \u00ab&nbsp;par hasard&nbsp;\u00bb.&nbsp;<strong>C\u2019est notre corps qui nous parle, qui traduit une situation, un blocage, une \u00e9motion qui cr\u00e9e un d\u00e9s\u00e9quilibre chez nous<\/strong>. Je vous aide \u00e0 \u00eatre \u00e0 l\u2019\u00e9coute de votre corps, \u00e0 faire un petit pas pour \u00ab&nbsp;traduire&nbsp;\u00bb (sans forc\u00e9ment analyser) ce que votre corps cherche \u00e0 vous dire.<\/p>\n\n\n\n<p>C\u2019est pour cela que je propose&nbsp;<strong>diff\u00e9rents outils et approches (magn\u00e9tisme, bols, points du dos, aromath\u00e9rapie \u2026..) pour donner \u00e0 votre corps les moyens de faire son travail<\/strong>.<\/p>\n\n\n\n<p>Je travaille par \u00e9tapes, je ne vais pas aller travailler ni bousculer ce qui n\u2019est pas pr\u00eat \u00e0 \u00eatre trait\u00e9 et compris. Car vous obtiendrez probablement un soulagement temporaire mais les sympt\u00f4mes (ou de nouveaux sympt\u00f4mes) risquent d\u2019apparaitre, si ce n\u2019est pas la bonne cause que l\u2019on va travailler ou si l\u2019on va \u00ab&nbsp;trop profond\u00e9ment et trop vite&nbsp;\u00bb.<\/p>\n\n\n\n<p>Parfois, plusieurs s\u00e9ances sont n\u00e9cessaires, plus ou moins espac\u00e9es, et nous le d\u00e9cidons chaque fois ensemble. Je peux vous aider \u00e0 comprendre l\u2019origine de vos maux mais uniquement si vous le souhaitez, rien n\u2019est obligatoire.<\/p>\n\n\n\n<p>Vous pouvez \u00e9galement, sans fins th\u00e9rapeutiques, vous offrir un agr\u00e9able moment de d\u00e9tente et de \u00ab&nbsp;r\u00e9pit&nbsp;\u00bb,&nbsp;<strong>une petite parenth\u00e8se de bien \u00eatre (massage classique ou massage par bols).<\/strong><\/p>\n","protected":false},"excerpt":{"rendered":"<p>Un petit mot pour me pr\u00e9senter\u2026. Je m\u2019appelle Florence, j\u2019habite \u00e0 Courtelary dans le Jura Bernois et suis maman de 3 gar\u00e7ons. Je pratique le magn\u00e9tisme depuis\u00a0une dizaine d&rsquo;ann\u00e9es, qui s\u2019est \u00ab\u00a0r\u00e9v\u00e9l\u00e9\u00a0\u00bb avec l\u2019arriv\u00e9e de mon dernier enfant. En 2018, j\u2019ai suivi une formation en Anatomie Pathologie Physiologie au Centre Cesane \u00e0 Peyres Possens et&#8230;<\/p>\n","protected":false},"author":1,"featured_media":0,"parent":0,"menu_order":0,"comment_status":"closed","ping_status":"closed","template":"","meta":{"_kad_post_transparent":"","_kad_post_title":"","_kad_post_layout":"","_kad_post_sidebar_id":"","_kad_post_content_style":"","_kad_post_vertical_padding":"","_kad_post_feature":"","_kad_post_feature_position":"","_kad_post_header":false,"_kad_post_footer":false,"footnotes":""},"class_list":["post-46","page","type-page","status-publish","hentry"],"_links":{"self":[{"href":"https:\/\/labullenomade.ch\/index.php\/wp-json\/wp\/v2\/pages\/46","targetHints":{"allow":["GET"]}}],"collection":[{"href":"https:\/\/labullenomade.ch\/index.php\/wp-json\/wp\/v2\/pages"}],"about":[{"href":"https:\/\/labullenomade.ch\/index.php\/wp-json\/wp\/v2\/types\/page"}],"author":[{"embeddable":true,"href":"https:\/\/labullenomade.ch\/index.php\/wp-json\/wp\/v2\/users\/1"}],"replies":[{"embeddable":true,"href":"https:\/\/labullenomade.ch\/index.php\/wp-json\/wp\/v2\/comments?post=46"}],"version-history":[{"count":3,"href":"https:\/\/labullenomade.ch\/index.php\/wp-json\/wp\/v2\/pages\/46\/revisions"}],"predecessor-version":[{"id":195,"href":"https:\/\/labullenomade.ch\/index.php\/wp-json\/wp\/v2\/pages\/46\/revisions\/195"}],"wp:attachment":[{"href":"https:\/\/labullenomade.ch\/index.php\/wp-json\/wp\/v2\/media?parent=46"}],"curies":[{"name":"wp","href":"https:\/\/api.w.org\/{rel}","templated":true}]}}